he ten thousands digit of 750285426?
8
What is the hundreds digit of 2219983318?
3
What is the hundreds digit of 991521543?
5
What is the hundred thousands digit of 365633456?
6
What is the ten thousands digit of 127765991?
6
What is the ten millions digit of 401616665?
0
What is the tens digit of 1928588785?
8
What is the units digit of 154999321?
1
What is the ten millions digit of 33694324?
3
What is the thousands digit of 1178559852?
9
What is the billions digit of 1081363010?
1
What is the hundreds digit of 3496066852?
8
What is the hundreds digit of 519293991?
9
What is the hundreds digit of 2642613413?
4
What is the ten millions digit of 27781888?
2
What is the tens digit of 244000428?
2
What is the hundreds digit of 127812480?
4
What is the hundred thousands digit of 1140308985?
3
What is the units digit of 2047352829?
9
What is the hundreds digit of 540334766?
7
What is the thousands digit of 2011585?
1
What is the hundred thousands digit of 236610788?
6
What is the thousands digit of 15843693?
3
What is the hundred millions digit of 1473542480?
4
What is the units digit of 33879269?
9
What is the hundreds digit of 1703643827?
8
What is the millions digit of 108744702?
8
What is the millions digit of 607242696?
7
What is the hundreds digit of 5588290390?
3
What is the units digit of 609359008?
8
What is the ten thousands digit of 1758554?
5
What is the billions digit of 2990553052?
2
What is the millions digit of 24274393?
4
What is the hundreds digit of 122717153?
1
What is the tens digit of 3916873420?
2
What is the hundred millions digit of 172958935?
1
What is the units digit of 37523166?
6
What is the ten thousands digit of 3337762849?
6
What is the hundred thousands digit of 6574734543?
7
What is the thousands digit of 119175067?
5
What is the hundred thousands digit of 3828334030?
3
What is the units digit of 30865490?
0
What is the tens digit of 412720436?
3
What is the millions digit of 4863573204?
3
What is the units digit of 148475723?
3
What is the millions digit of 51769291?
1
What is the billions digit of 3420823098?
3
What is the tens digit of 2522816111?
1
What is the tens digit of 82962705?
0
What is the hundreds digit of 16098793?
7
What is the millions digit of 57197935?
7
What is the ten millions digit of 104063415?
0
What is the hundred thousands digit of 62715874?
7
What is the hundred millions digit of 2272288691?
2
What is the millions digit of 30052286?
0
What is the thousands digit of 78317730?
7
What is the hundred thousands digit of 6059042049?
0
What is the units digit of 124013481?
1
What is the hundred thousands digit of 69552249?
5
What is the hundred thousands digit of 7150704732?
7
What is the tens digit of 15296967?
6
What is the hundred thousands digit of 186146025?
1
What is the ten thousands digit of 6394790683?
9
What is the hundred millions digit of 1690773529?
6
What is the millions digit of 906002348?
6
What is the hundreds digit of 172219570?
5
What is the millions digit of 365931041?
5
What is the ten thousands digit of 36669190?
6
What is the millions digit of 54319070?
4
What is the thousands digit of 640580422?
0
What is the hundred thousands digit of 957662969?
6
What is the thousands digit of 289877411?
7
What is the units digit of 2016797?
7
What is the thousands digit of 4182608724?
8
What is the millions digit of 8666099?
8
What is the ten millions digit of 431942166?
3
What is the units digit of 916152670?
0
What is the hundred thousands digit of 1341363477?
3
What is the thousands digit of 153076255?
6
What is the thousands digit of 349286390?
6
What is the ten thousands digit of 925554154?
5
What is the hundred millions digit of 133917399?
1
What is the millions digit of 10991617?
0
What is the hundred thousands digit of 64700712?
7
What is the hundred thousands digit of 38409648?
4
What is the hundred thousands digit of 423365834?
3
What is the hundred millions digit of 436098442?
4
What is the hundred millions digit of 1723506909?
7
What is the hundred thousands digit of 315888598?
8
What is the ten thousands digit of 51943934?
4
What is the hundreds digit of 976434447?
4
What is the millions digit of 299221322?
9
What is the hundred millions digit of 858388210?
8
What is the hundred thousands digit of 22692591?
6
What is the ten thousands digit of 41518571?
1
What is the ten millions digit of 75683492?
7
What is the ten thousands digit of 80039268?
3
What is the thousands digit of 64389429?
9
What is the ten thousands digit of 147468270?
6
What is the hundred millions digit of 1353990102?
3
What is the hundred millions digit of 2444905132?
4
What is the hundred millions digit of 373481116?
3
What is the ten millions digit of 27665209?
2
What is the ten thousands digit of 61922171?
2
What is the units digit of 39408156?
6
What is the ten thousands digit of 546623997?
2
What is the billions digit of 3811730460?
3
What is the millions digit of 11133647?
1
What is the hundred thousands digit of 31566965?
5
What is the millions digit of 54844382?
4
What is the hundred thousands digit of 369657279?
6
What is the ten millions digit of 190627143?
9
What is the millions digit of 1039637697?
9
What is the millions digit of 498395656?
8
What is the millions digit of 79070294?
9
What is the units digit of 72211822?
2
What is the hundred thousands digit of 29318137?
3
What is the ten millions digit of 101554543?
0
What is the ten thousands digit of 582497623?
9
What is the hundreds digit of 685575769?
7
What is the units digit of 31450221?
1
What is the millions digit of 57766987?
7
What is the units digit of 985448135?
5
What is the millions digit of 99155094?
9
What is the ten millions digit of 309104162?
0
What is the thousands digit of 57816526?
6
What is the units digit of 237229349?
9
What is the hundreds digit of 1063142196?
1
What is the thousands digit of 79910556?
0
What is the ten millions digit of 82950565?
8
What is the ten millions digit of 4504125679?
0
What is the hundreds digit of 6076088998?
9
What is the hundreds digit of 778320020?
0
What is the hundred millions digit of 2242902341?
2
What is the tens digit of 1000230764?
6
What is the ten thousands digit of 447322017?
2
What is the ten millions digit of 7174013028?
7
What is the units digit of 472999450?
0
What is the ten thousands digit of 68794535?
9
What is the hundred millions digit of 663333164?
6
What is the thousands digit of 1268208805?
8
What is the units digit of 1998906183?
3
What is the hundreds digit of 168000269?
2
What is the millions digit of 1298472999?
8
What is the units digit of 1543473449?
9
What is the tens digit of 36685432?
3
What is the hundreds digit of 2768657817?
8
What is the millions digit of 28448341?
8
What is the millions digit of 264488933?
4
What is the hundred thousands digit of 1437466427?
4
What is the units digit of 192108723?
3
What is the thousands digit of 23433293?
3
What is the hundreds digit of 58295019?
0
What is the tens digit of 11546577?
7
What is the hundreds digit of 108198645?
6
What is the millions digit of 138621802?
8
What is the hundred millions digit of 2527707192?
5
What is the millions digit of 77589301?
7
What is the hundred thousands digit of 471184565?
1
What is the tens digit of 9332730?
3
What is the millions digit of 1135593825?
5
What is the thousands digit of 66214002?
4
What is the hundred millions digit of 4483390468?
4
What is the units digit of 2311507220?
0
What is the ten millions digit of 1171717763?
7
What is the hundred thousands digit of 3050890262?
8
What is the millions digit of 618242129?
8
What is the ten millions digit of 258340887?
5
What is the ten millions digit of 67784484?
6
What is the millions digit of 1146345505?
6
What is the millions digit of 9696963?
9
What is the units digit of 362651905?
5
What is the millions digit of 14332034?
4
What is the hundred millions digit of 3395054861?
3
What is the hundreds digit of 158750427?
4
What is the hundred thousands digit of 526643971?
6
What is the ten thousands digit of 69355612?
5
What is the ten thousands digit of 5915221181?
2
What is the units digit of 43320519?
9
What is the ten thousands digit of 131842333?
4
What is the hundreds digit of 5243384898?
8
What is the tens digit o